{"id":41,"date":"2023-03-09T19:40:10","date_gmt":"2023-03-09T19:40:10","guid":{"rendered":"http:\/\/scorpioncouture.local\/?page_id=38"},"modified":"2023-04-20T22:01:25","modified_gmt":"2023-04-20T20:01:25","slug":"atelier-de-couture-a-domicile","status":"publish","type":"page","link":"https:\/\/scorpioncouture.fr\/?page_id=41","title":{"rendered":"Cours D\u00e9couverte ou approfondissement de l&rsquo;Art de la couture"},"content":{"rendered":"\t\t<div data-elementor-type=\"wp-page\" data-elementor-id=\"41\" class=\"elementor elementor-41\">\n\t\t\t\t\t\t\t\t\t<section class=\"elementor-section elementor-top-section elementor-element elementor-element-62131c0 elementor-section-boxed elementor-section-height-default elementor-section-height-default\" data-id=\"62131c0\" data-element_type=\"section\">\n\t\t\t\t\t\t<div class=\"elementor-container elementor-column-gap-default\">\n\t\t\t\t\t<div class=\"elementor-column elementor-col-100 elementor-top-column elementor-element elementor-element-ca1d8b8\" data-id=\"ca1d8b8\" data-element_type=\"column\">\n\t\t\t<div class=\"elementor-widget-wrap elementor-element-populated\">\n\t\t\t\t\t\t\t\t<div class=\"elementor-element elementor-element-36854f4 elementor-widget elementor-widget-heading\" data-id=\"36854f4\" data-element_type=\"widget\" data-widget_type=\"heading.default\">\n\t\t\t\t<div class=\"elementor-widget-container\">\n\t\t\t<style>\/*! elementor - v3.16.0 - 13-09-2023 *\/\n.elementor-heading-title{padding:0;margin:0;line-height:1}.elementor-widget-heading .elementor-heading-title[class*=elementor-size-]>a{color:inherit;font-size:inherit;line-height:inherit}.elementor-widget-heading .elementor-heading-title.elementor-size-small{font-size:15px}.elementor-widget-heading .elementor-heading-title.elementor-size-medium{font-size:19px}.elementor-widget-heading .elementor-heading-title.elementor-size-large{font-size:29px}.elementor-widget-heading .elementor-heading-title.elementor-size-xl{font-size:39px}.elementor-widget-heading .elementor-heading-title.elementor-size-xxl{font-size:59px}<\/style><h2 class=\"elementor-heading-title elementor-size-default\"><a href=\"#cours\">D\u00e9couverte ou approfondissement de l'Art de la couture<\/a><\/h2>\t\t<\/div>\n\t\t\t\t<\/div>\n\t\t\t\t\t<\/div>\n\t\t<\/div>\n\t\t\t\t\t\t\t<\/div>\n\t\t<\/section>\n\t\t\t\t<section class=\"elementor-section elementor-top-section elementor-element elementor-element-85d5afb elementor-section-boxed elementor-section-height-default elementor-section-height-default\" data-id=\"85d5afb\" data-element_type=\"section\">\n\t\t\t\t\t\t<div class=\"elementor-container elementor-column-gap-default\">\n\t\t\t\t\t<div class=\"elementor-column elementor-col-33 elementor-top-column elementor-element elementor-element-ce1478a\" data-id=\"ce1478a\" data-element_type=\"column\">\n\t\t\t<div class=\"elementor-widget-wrap elementor-element-populated\">\n\t\t\t\t\t\t\t\t<div class=\"elementor-element elementor-element-126c160 elementor-widget elementor-widget-image\" data-id=\"126c160\" data-element_type=\"widget\" data-widget_type=\"image.default\">\n\t\t\t\t<div class=\"elementor-widget-container\">\n\t\t\t<style>\/*! elementor - v3.16.0 - 13-09-2023 *\/\n.elementor-widget-image{text-align:center}.elementor-widget-image a{display:inline-block}.elementor-widget-image a img[src$=\".svg\"]{width:48px}.elementor-widget-image img{vertical-align:middle;display:inline-block}<\/style>\t\t\t\t\t\t\t\t\t\t\t\t<img decoding=\"async\" width=\"683\" height=\"1024\" src=\"https:\/\/scorpioncouture.fr\/wp-content\/uploads\/2023\/04\/pexels-los-muertos-crew-8030150-683x1024.jpg\" class=\"attachment-large size-large wp-image-841\" alt=\"\" loading=\"lazy\" srcset=\"https:\/\/scorpioncouture.fr\/wp-content\/uploads\/2023\/04\/pexels-los-muertos-crew-8030150-683x1024.jpg 683w, https:\/\/scorpioncouture.fr\/wp-content\/uploads\/2023\/04\/pexels-los-muertos-crew-8030150-200x300.jpg 200w, https:\/\/scorpioncouture.fr\/wp-content\/uploads\/2023\/04\/pexels-los-muertos-crew-8030150-768x1152.jpg 768w, https:\/\/scorpioncouture.fr\/wp-content\/uploads\/2023\/04\/pexels-los-muertos-crew-8030150-1024x1536.jpg 1024w, https:\/\/scorpioncouture.fr\/wp-content\/uploads\/2023\/04\/pexels-los-muertos-crew-8030150-1365x2048.jpg 1365w, https:\/\/scorpioncouture.fr\/wp-content\/uploads\/2023\/04\/pexels-los-muertos-crew-8030150-scaled.jpg 1707w\" sizes=\"(max-width: 683px) 100vw, 683px\" \/>\t\t\t\t\t\t\t\t\t\t\t\t\t\t\t<\/div>\n\t\t\t\t<\/div>\n\t\t\t\t\t<\/div>\n\t\t<\/div>\n\t\t\t\t<div class=\"elementor-column elementor-col-33 elementor-top-column elementor-element elementor-element-db80b35\" data-id=\"db80b35\" data-element_type=\"column\">\n\t\t\t<div class=\"elementor-widget-wrap elementor-element-populated\">\n\t\t\t\t\t\t\t\t<div class=\"elementor-element elementor-element-64230b2 elementor-widget elementor-widget-text-editor\" data-id=\"64230b2\" data-element_type=\"widget\" data-widget_type=\"text-editor.default\">\n\t\t\t\t<div class=\"elementor-widget-container\">\n\t\t\t<style>\/*! elementor - v3.16.0 - 13-09-2023 *\/\n.elementor-widget-text-editor.elementor-drop-cap-view-stacked .elementor-drop-cap{background-color:#69727d;color:#fff}.elementor-widget-text-editor.elementor-drop-cap-view-framed .elementor-drop-cap{color:#69727d;border:3px solid;background-color:transparent}.elementor-widget-text-editor:not(.elementor-drop-cap-view-default) .elementor-drop-cap{margin-top:8px}.elementor-widget-text-editor:not(.elementor-drop-cap-view-default) .elementor-drop-cap-letter{width:1em;height:1em}.elementor-widget-text-editor .elementor-drop-cap{float:left;text-align:center;line-height:1;font-size:50px}.elementor-widget-text-editor .elementor-drop-cap-letter{display:inline-block}<\/style>\t\t\t\t<p>La couture est un loisir valorisant. Il permet de stimuler sa cr\u00e9ativit\u00e9 et utiliser ses cr\u00e9ations.<\/p>\n<p>De la simple r\u00e9paration, du changement de bouton \u00e0 la r\u00e9alisation compl\u00e8te d&rsquo;un v\u00eatement ou accessoire, l&rsquo;Art de la couture est vaste et vari\u00e9.<\/p>\t\t\t\t\t\t<\/div>\n\t\t\t\t<\/div>\n\t\t\t\t\t<\/div>\n\t\t<\/div>\n\t\t\t\t<div class=\"elementor-column elementor-col-33 elementor-top-column elementor-element elementor-element-880bb75\" data-id=\"880bb75\" data-element_type=\"column\">\n\t\t\t<div class=\"elementor-widget-wrap elementor-element-populated\">\n\t\t\t\t\t\t\t\t<div class=\"elementor-element elementor-element-aa2c33d elementor-widget elementor-widget-image\" data-id=\"aa2c33d\" data-element_type=\"widget\" data-widget_type=\"image.default\">\n\t\t\t\t<div class=\"elementor-widget-container\">\n\t\t\t\t\t\t\t\t\t\t\t\t\t\t\t<img decoding=\"async\" width=\"683\" height=\"1024\" src=\"https:\/\/scorpioncouture.fr\/wp-content\/uploads\/2023\/04\/pexels-los-muertos-crew-8030146-683x1024.jpg\" class=\"attachment-large size-large wp-image-840\" alt=\"\" loading=\"lazy\" srcset=\"https:\/\/scorpioncouture.fr\/wp-content\/uploads\/2023\/04\/pexels-los-muertos-crew-8030146-683x1024.jpg 683w, https:\/\/scorpioncouture.fr\/wp-content\/uploads\/2023\/04\/pexels-los-muertos-crew-8030146-200x300.jpg 200w, https:\/\/scorpioncouture.fr\/wp-content\/uploads\/2023\/04\/pexels-los-muertos-crew-8030146-768x1152.jpg 768w, https:\/\/scorpioncouture.fr\/wp-content\/uploads\/2023\/04\/pexels-los-muertos-crew-8030146-1024x1536.jpg 1024w, https:\/\/scorpioncouture.fr\/wp-content\/uploads\/2023\/04\/pexels-los-muertos-crew-8030146-1365x2048.jpg 1365w, https:\/\/scorpioncouture.fr\/wp-content\/uploads\/2023\/04\/pexels-los-muertos-crew-8030146-scaled.jpg 1707w\" sizes=\"(max-width: 683px) 100vw, 683px\" \/>\t\t\t\t\t\t\t\t\t\t\t\t\t\t\t<\/div>\n\t\t\t\t<\/div>\n\t\t\t\t\t<\/div>\n\t\t<\/div>\n\t\t\t\t\t\t\t<\/div>\n\t\t<\/section>\n\t\t\t\t<section class=\"elementor-section elementor-top-section elementor-element elementor-element-5044d7b elementor-section-boxed elementor-section-height-default elementor-section-height-default\" data-id=\"5044d7b\" data-element_type=\"section\">\n\t\t\t\t\t\t<div class=\"elementor-container elementor-column-gap-default\">\n\t\t\t\t\t<div class=\"elementor-column elementor-col-100 elementor-top-column elementor-element elementor-element-90c80cf\" data-id=\"90c80cf\" data-element_type=\"column\">\n\t\t\t<div class=\"elementor-widget-wrap elementor-element-populated\">\n\t\t\t\t\t\t\t\t<div class=\"elementor-element elementor-element-a2ab010 elementor-widget elementor-widget-text-editor\" data-id=\"a2ab010\" data-element_type=\"widget\" data-widget_type=\"text-editor.default\">\n\t\t\t\t<div class=\"elementor-widget-container\">\n\t\t\t\t\t\t\t<p>Mon parcours et mon exp\u00e9rience me permet de vous accompagner en prenant en compte vos besoins et particularit\u00e9s.<\/p>\n<p>Cela me permet de vous proposer des cours de couture tous niveaux, pour adulte, adolescent ou enfant.<\/p>\t\t\t\t\t\t<\/div>\n\t\t\t\t<\/div>\n\t\t\t\t\t<\/div>\n\t\t<\/div>\n\t\t\t\t\t\t\t<\/div>\n\t\t<\/section>\n\t\t\t\t<section class=\"elementor-section elementor-top-section elementor-element elementor-element-05c6939 elementor-section-boxed elementor-section-height-default elementor-section-height-default\" data-id=\"05c6939\" data-element_type=\"section\">\n\t\t\t\t\t\t<div class=\"elementor-container elementor-column-gap-default\">\n\t\t\t\t\t<div class=\"elementor-column elementor-col-33 elementor-top-column elementor-element elementor-element-1f9f1e1\" data-id=\"1f9f1e1\" data-element_type=\"column\">\n\t\t\t<div class=\"elementor-widget-wrap elementor-element-populated\">\n\t\t\t\t\t\t\t\t<div class=\"elementor-element elementor-element-04da02f elementor-widget elementor-widget-image\" data-id=\"04da02f\" data-element_type=\"widget\" data-widget_type=\"image.default\">\n\t\t\t\t<div class=\"elementor-widget-container\">\n\t\t\t\t\t\t\t\t\t\t\t\t\t\t\t<img decoding=\"async\" width=\"768\" height=\"1024\" src=\"https:\/\/scorpioncouture.fr\/wp-content\/uploads\/2023\/04\/IMG20220125104820-768x1024.jpg\" class=\"attachment-large size-large wp-image-845\" alt=\"\" loading=\"lazy\" srcset=\"https:\/\/scorpioncouture.fr\/wp-content\/uploads\/2023\/04\/IMG20220125104820-768x1024.jpg 768w, https:\/\/scorpioncouture.fr\/wp-content\/uploads\/2023\/04\/IMG20220125104820-225x300.jpg 225w, https:\/\/scorpioncouture.fr\/wp-content\/uploads\/2023\/04\/IMG20220125104820-1152x1536.jpg 1152w, https:\/\/scorpioncouture.fr\/wp-content\/uploads\/2023\/04\/IMG20220125104820-1536x2048.jpg 1536w, https:\/\/scorpioncouture.fr\/wp-content\/uploads\/2023\/04\/IMG20220125104820-scaled.jpg 1920w\" sizes=\"(max-width: 768px) 100vw, 768px\" \/>\t\t\t\t\t\t\t\t\t\t\t\t\t\t\t<\/div>\n\t\t\t\t<\/div>\n\t\t\t\t\t<\/div>\n\t\t<\/div>\n\t\t\t\t<div class=\"elementor-column elementor-col-33 elementor-top-column elementor-element elementor-element-f0d1904\" data-id=\"f0d1904\" data-element_type=\"column\">\n\t\t\t<div class=\"elementor-widget-wrap elementor-element-populated\">\n\t\t\t\t\t\t\t\t<div class=\"elementor-element elementor-element-11275ac elementor-widget elementor-widget-text-editor\" data-id=\"11275ac\" data-element_type=\"widget\" data-widget_type=\"text-editor.default\">\n\t\t\t\t<div class=\"elementor-widget-container\">\n\t\t\t\t\t\t\t<p>Je vous propose des cours de couture \u00e0 votre domicile pour que vous puissiez maitriser vos propres outils et que vous ayez vos rep\u00e8res.<\/p><p>Les cours peuvent \u00eatre individuels mais ils peuvent \u00eatre aussi m\u00e8re-fille, en petit groupe pour une apr\u00e8s-midi entre copines, pour un anniversaire, un enterrement de vie de jeune fille, ou toutes les occasions que vous souhaitez.<\/p>\t\t\t\t\t\t<\/div>\n\t\t\t\t<\/div>\n\t\t\t\t\t<\/div>\n\t\t<\/div>\n\t\t\t\t<div class=\"elementor-column elementor-col-33 elementor-top-column elementor-element elementor-element-ccb209b\" data-id=\"ccb209b\" data-element_type=\"column\">\n\t\t\t<div class=\"elementor-widget-wrap elementor-element-populated\">\n\t\t\t\t\t\t\t\t<div class=\"elementor-element elementor-element-8c64b3f elementor-widget elementor-widget-image\" data-id=\"8c64b3f\" data-element_type=\"widget\" data-widget_type=\"image.default\">\n\t\t\t\t<div class=\"elementor-widget-container\">\n\t\t\t\t\t\t\t\t\t\t\t\t\t\t\t<img decoding=\"async\" width=\"727\" height=\"1024\" src=\"https:\/\/scorpioncouture.fr\/wp-content\/uploads\/2023\/04\/IMG202201241402022-727x1024.jpg\" class=\"attachment-large size-large wp-image-801\" alt=\"\" loading=\"lazy\" srcset=\"https:\/\/scorpioncouture.fr\/wp-content\/uploads\/2023\/04\/IMG202201241402022-727x1024.jpg 727w, https:\/\/scorpioncouture.fr\/wp-content\/uploads\/2023\/04\/IMG202201241402022-213x300.jpg 213w, https:\/\/scorpioncouture.fr\/wp-content\/uploads\/2023\/04\/IMG202201241402022-768x1082.jpg 768w, https:\/\/scorpioncouture.fr\/wp-content\/uploads\/2023\/04\/IMG202201241402022-1091x1536.jpg 1091w, https:\/\/scorpioncouture.fr\/wp-content\/uploads\/2023\/04\/IMG202201241402022-1454x2048.jpg 1454w, https:\/\/scorpioncouture.fr\/wp-content\/uploads\/2023\/04\/IMG202201241402022-scaled.jpg 1818w\" sizes=\"(max-width: 727px) 100vw, 727px\" \/>\t\t\t\t\t\t\t\t\t\t\t\t\t\t\t<\/div>\n\t\t\t\t<\/div>\n\t\t\t\t\t<\/div>\n\t\t<\/div>\n\t\t\t\t\t\t\t<\/div>\n\t\t<\/section>\n\t\t\t\t<section class=\"elementor-section elementor-top-section elementor-element elementor-element-b101b20 elementor-section-boxed elementor-section-height-default elementor-section-height-default\" data-id=\"b101b20\" data-element_type=\"section\">\n\t\t\t\t\t\t<div class=\"elementor-container elementor-column-gap-default\">\n\t\t\t\t\t<div class=\"elementor-column elementor-col-100 elementor-top-column elementor-element elementor-element-bfa9acc\" data-id=\"bfa9acc\" data-element_type=\"column\">\n\t\t\t<div class=\"elementor-widget-wrap elementor-element-populated\">\n\t\t\t\t\t\t\t\t<div class=\"elementor-element elementor-element-d8459a1 elementor-widget elementor-widget-text-editor\" data-id=\"d8459a1\" data-element_type=\"widget\" data-widget_type=\"text-editor.default\">\n\t\t\t\t<div class=\"elementor-widget-container\">\n\t\t\t\t\t\t\t<p>Si vous voulez tenter l&rsquo;aventure&nbsp;<\/p>\t\t\t\t\t\t<\/div>\n\t\t\t\t<\/div>\n\t\t\t\t<div class=\"elementor-element elementor-element-fdefee0 elementor-widget elementor-widget-heading\" data-id=\"fdefee0\" data-element_type=\"widget\" data-widget_type=\"heading.default\">\n\t\t\t\t<div class=\"elementor-widget-container\">\n\t\t\t<h2 class=\"elementor-heading-title elementor-size-default\"><a href=\"https:\/\/scorpioncouture.fr\/?page_id=37\">consultez les tarifs<\/a><\/h2>\t\t<\/div>\n\t\t\t\t<\/div>\n\t\t\t\t<div class=\"elementor-element elementor-element-5f402c0 elementor-widget elementor-widget-text-editor\" data-id=\"5f402c0\" data-element_type=\"widget\" data-widget_type=\"text-editor.default\">\n\t\t\t\t<div class=\"elementor-widget-container\">\n\t\t\t\t\t\t\t<p>ou contactez moi pour prendre rendez-vous<\/p>\t\t\t\t\t\t<\/div>\n\t\t\t\t<\/div>\n\t\t\t\t<div class=\"elementor-element elementor-element-436e17c elementor-align-center elementor-widget elementor-widget-button\" data-id=\"436e17c\" data-element_type=\"widget\" data-widget_type=\"button.default\">\n\t\t\t\t<div class=\"elementor-widget-container\">\n\t\t\t\t\t<div class=\"elementor-button-wrapper\">\n\t\t\t<a class=\"elementor-button elementor-button-link elementor-size-md\" href=\"https:\/\/scorpioncouture.fr\/?page_id=33\">\n\t\t\t\t\t\t<span class=\"elementor-button-content-wrapper\">\n\t\t\t\t\t\t<span class=\"elementor-button-icon elementor-align-icon-left\">\n\t\t\t\t<i aria-hidden=\"true\" class=\"far fa-comments\"><\/i>\t\t\t<\/span>\n\t\t\t\t\t\t<span class=\"elementor-button-text\">Contactez moi<\/span>\n\t\t<\/span>\n\t\t\t\t\t<\/a>\n\t\t<\/div>\n\t\t\t\t<\/div>\n\t\t\t\t<\/div>\n\t\t\t\t\t<\/div>\n\t\t<\/div>\n\t\t\t\t\t\t\t<\/div>\n\t\t<\/section>\n\t\t\t\t\t\t\t<\/div>\n\t\t","protected":false},"excerpt":{"rendered":"<p>D\u00e9couverte ou approfondissement de l&rsquo;Art de la couture La couture est un loisir valorisant. Il permet de stimuler sa cr\u00e9ativit\u00e9 et utiliser ses cr\u00e9ations. De la simple r\u00e9paration, du changement de bouton \u00e0 la r\u00e9alisation compl\u00e8te d&rsquo;un v\u00eatement ou accessoire, l&rsquo;Art de la couture est vaste et vari\u00e9. Mon parcours et mon exp\u00e9rience me permet [&hellip;]<\/p>\n","protected":false},"author":1,"featured_media":0,"parent":0,"menu_order":0,"comment_status":"closed","ping_status":"closed","template":"","meta":{"om_disable_all_campaigns":false,"_monsterinsights_skip_tracking":false,"_monsterinsights_sitenote_active":false,"_monsterinsights_sitenote_note":"","_monsterinsights_sitenote_category":0},"yoast_head":"<!-- This site is optimized with the Yoast SEO plugin v21.1 - https:\/\/yoast.com\/wordpress\/plugins\/seo\/ -->\n<title>D\u00e9couverte ou approfondissement de l&#039;Art de la couture.<\/title>\n<meta name=\"description\" content=\"D\u00e9couverte ou approfondissement de l&#039;Art de la couture. Pour enfant, adolescent ou adulte, individuel ou collectif.\" \/>\n<meta name=\"robots\" content=\"index, follow, max-snippet:-1, max-image-preview:large, max-video-preview:-1\" \/>\n<link rel=\"canonical\" href=\"https:\/\/scorpioncouture.fr\/?page_id=41\" \/>\n<meta property=\"og:locale\" content=\"fr_FR\" \/>\n<meta property=\"og:type\" content=\"article\" \/>\n<meta property=\"og:title\" content=\"D\u00e9couverte ou approfondissement de l&#039;Art de la couture.\" \/>\n<meta property=\"og:description\" content=\"D\u00e9couverte ou approfondissement de l&#039;Art de la couture. Pour enfant, adolescent ou adulte, individuel ou collectif.\" \/>\n<meta property=\"og:url\" content=\"https:\/\/scorpioncouture.fr\/?page_id=41\" \/>\n<meta property=\"og:site_name\" content=\"scorpioncouture.fr\" \/>\n<meta property=\"article:publisher\" content=\"https:\/\/www.facebook.com\/profile.php?id=100090969084416\" \/>\n<meta property=\"article:modified_time\" content=\"2023-04-20T20:01:25+00:00\" \/>\n<meta property=\"og:image\" content=\"https:\/\/scorpioncouture.fr\/wp-content\/uploads\/2023\/04\/pexels-los-muertos-crew-8030150-683x1024.jpg\" \/>\n<meta name=\"twitter:card\" content=\"summary_large_image\" \/>\n<meta name=\"twitter:label1\" content=\"Dur\u00e9e de lecture estim\u00e9e\" \/>\n\t<meta name=\"twitter:data1\" content=\"2 minutes\" \/>\n<script type=\"application\/ld+json\" class=\"yoast-schema-graph\">{\"@context\":\"https:\/\/schema.org\",\"@graph\":[{\"@type\":\"WebPage\",\"@id\":\"https:\/\/scorpioncouture.fr\/?page_id=41\",\"url\":\"https:\/\/scorpioncouture.fr\/?page_id=41\",\"name\":\"D\u00e9couverte ou approfondissement de l'Art de la couture.\",\"isPartOf\":{\"@id\":\"https:\/\/scorpioncouture.fr\/#website\"},\"datePublished\":\"2023-03-09T19:40:10+00:00\",\"dateModified\":\"2023-04-20T20:01:25+00:00\",\"description\":\"D\u00e9couverte ou approfondissement de l'Art de la couture. Pour enfant, adolescent ou adulte, individuel ou collectif.\",\"breadcrumb\":{\"@id\":\"https:\/\/scorpioncouture.fr\/?page_id=41#breadcrumb\"},\"inLanguage\":\"fr-FR\",\"potentialAction\":[{\"@type\":\"ReadAction\",\"target\":[\"https:\/\/scorpioncouture.fr\/?page_id=41\"]}]},{\"@type\":\"BreadcrumbList\",\"@id\":\"https:\/\/scorpioncouture.fr\/?page_id=41#breadcrumb\",\"itemListElement\":[{\"@type\":\"ListItem\",\"position\":1,\"name\":\"Accueil\",\"item\":\"https:\/\/scorpioncouture.fr\/\"},{\"@type\":\"ListItem\",\"position\":2,\"name\":\"Cours D\u00e9couverte ou approfondissement de l&rsquo;Art de la couture\"}]},{\"@type\":\"WebSite\",\"@id\":\"https:\/\/scorpioncouture.fr\/#website\",\"url\":\"https:\/\/scorpioncouture.fr\/\",\"name\":\"scorpioncouture.fr\",\"description\":\"\",\"publisher\":{\"@id\":\"https:\/\/scorpioncouture.fr\/#organization\"},\"potentialAction\":[{\"@type\":\"SearchAction\",\"target\":{\"@type\":\"EntryPoint\",\"urlTemplate\":\"https:\/\/scorpioncouture.fr\/?s={search_term_string}\"},\"query-input\":\"required name=search_term_string\"}],\"inLanguage\":\"fr-FR\"},{\"@type\":\"Organization\",\"@id\":\"https:\/\/scorpioncouture.fr\/#organization\",\"name\":\"scorpion couture\",\"url\":\"https:\/\/scorpioncouture.fr\/\",\"logo\":{\"@type\":\"ImageObject\",\"inLanguage\":\"fr-FR\",\"@id\":\"https:\/\/scorpioncouture.fr\/#\/schema\/logo\/image\/\",\"url\":\"https:\/\/scorpioncouture.fr\/wp-content\/uploads\/2023\/04\/cropped-Sans-titre.png\",\"contentUrl\":\"https:\/\/scorpioncouture.fr\/wp-content\/uploads\/2023\/04\/cropped-Sans-titre.png\",\"width\":512,\"height\":512,\"caption\":\"scorpion couture\"},\"image\":{\"@id\":\"https:\/\/scorpioncouture.fr\/#\/schema\/logo\/image\/\"},\"sameAs\":[\"https:\/\/www.facebook.com\/profile.php?id=100090969084416\"]}]}<\/script>\n<!-- \/ Yoast SEO plugin. -->","yoast_head_json":{"title":"D\u00e9couverte ou approfondissement de l'Art de la couture.","description":"D\u00e9couverte ou approfondissement de l'Art de la couture. Pour enfant, adolescent ou adulte, individuel ou collectif.","robots":{"index":"index","follow":"follow","max-snippet":"max-snippet:-1","max-image-preview":"max-image-preview:large","max-video-preview":"max-video-preview:-1"},"canonical":"https:\/\/scorpioncouture.fr\/?page_id=41","og_locale":"fr_FR","og_type":"article","og_title":"D\u00e9couverte ou approfondissement de l'Art de la couture.","og_description":"D\u00e9couverte ou approfondissement de l'Art de la couture. Pour enfant, adolescent ou adulte, individuel ou collectif.","og_url":"https:\/\/scorpioncouture.fr\/?page_id=41","og_site_name":"scorpioncouture.fr","article_publisher":"https:\/\/www.facebook.com\/profile.php?id=100090969084416","article_modified_time":"2023-04-20T20:01:25+00:00","og_image":[{"url":"https:\/\/scorpioncouture.fr\/wp-content\/uploads\/2023\/04\/pexels-los-muertos-crew-8030150-683x1024.jpg"}],"twitter_card":"summary_large_image","twitter_misc":{"Dur\u00e9e de lecture estim\u00e9e":"2 minutes"},"schema":{"@context":"https:\/\/schema.org","@graph":[{"@type":"WebPage","@id":"https:\/\/scorpioncouture.fr\/?page_id=41","url":"https:\/\/scorpioncouture.fr\/?page_id=41","name":"D\u00e9couverte ou approfondissement de l'Art de la couture.","isPartOf":{"@id":"https:\/\/scorpioncouture.fr\/#website"},"datePublished":"2023-03-09T19:40:10+00:00","dateModified":"2023-04-20T20:01:25+00:00","description":"D\u00e9couverte ou approfondissement de l'Art de la couture. Pour enfant, adolescent ou adulte, individuel ou collectif.","breadcrumb":{"@id":"https:\/\/scorpioncouture.fr\/?page_id=41#breadcrumb"},"inLanguage":"fr-FR","potentialAction":[{"@type":"ReadAction","target":["https:\/\/scorpioncouture.fr\/?page_id=41"]}]},{"@type":"BreadcrumbList","@id":"https:\/\/scorpioncouture.fr\/?page_id=41#breadcrumb","itemListElement":[{"@type":"ListItem","position":1,"name":"Accueil","item":"https:\/\/scorpioncouture.fr\/"},{"@type":"ListItem","position":2,"name":"Cours D\u00e9couverte ou approfondissement de l&rsquo;Art de la couture"}]},{"@type":"WebSite","@id":"https:\/\/scorpioncouture.fr\/#website","url":"https:\/\/scorpioncouture.fr\/","name":"scorpioncouture.fr","description":"","publisher":{"@id":"https:\/\/scorpioncouture.fr\/#organization"},"potentialAction":[{"@type":"SearchAction","target":{"@type":"EntryPoint","urlTemplate":"https:\/\/scorpioncouture.fr\/?s={search_term_string}"},"query-input":"required name=search_term_string"}],"inLanguage":"fr-FR"},{"@type":"Organization","@id":"https:\/\/scorpioncouture.fr\/#organization","name":"scorpion couture","url":"https:\/\/scorpioncouture.fr\/","logo":{"@type":"ImageObject","inLanguage":"fr-FR","@id":"https:\/\/scorpioncouture.fr\/#\/schema\/logo\/image\/","url":"https:\/\/scorpioncouture.fr\/wp-content\/uploads\/2023\/04\/cropped-Sans-titre.png","contentUrl":"https:\/\/scorpioncouture.fr\/wp-content\/uploads\/2023\/04\/cropped-Sans-titre.png","width":512,"height":512,"caption":"scorpion couture"},"image":{"@id":"https:\/\/scorpioncouture.fr\/#\/schema\/logo\/image\/"},"sameAs":["https:\/\/www.facebook.com\/profile.php?id=100090969084416"]}]}},"_links":{"self":[{"href":"https:\/\/scorpioncouture.fr\/index.php?rest_route=\/wp\/v2\/pages\/41"}],"collection":[{"href":"https:\/\/scorpioncouture.fr\/index.php?rest_route=\/wp\/v2\/pages"}],"about":[{"href":"https:\/\/scorpioncouture.fr\/index.php?rest_route=\/wp\/v2\/types\/page"}],"author":[{"embeddable":true,"href":"https:\/\/scorpioncouture.fr\/index.php?rest_route=\/wp\/v2\/users\/1"}],"replies":[{"embeddable":true,"href":"https:\/\/scorpioncouture.fr\/index.php?rest_route=%2Fwp%2Fv2%2Fcomments&post=41"}],"version-history":[{"count":25,"href":"https:\/\/scorpioncouture.fr\/index.php?rest_route=\/wp\/v2\/pages\/41\/revisions"}],"predecessor-version":[{"id":1089,"href":"https:\/\/scorpioncouture.fr\/index.php?rest_route=\/wp\/v2\/pages\/41\/revisions\/1089"}],"wp:attachment":[{"href":"https:\/\/scorpioncouture.fr\/index.php?rest_route=%2Fwp%2Fv2%2Fmedia&parent=41"}],"curies":[{"name":"wp","href":"https:\/\/api.w.org\/{rel}","templated":true}]}}